 be k(-5). Let r = -12 + i. List the prime factors of r.
29
Suppose -29*u + 9984 = -16*u. What are the prime factors of u?
2, 3
Suppose -14*y - 1386 + 5446 = 0. List the prime factors of y.
2, 5, 29
Let s(x) = -x**3 - 4*x**2 + x - 3. Let p be s(-5). Suppose -13*d - p = -12*d. Let k = d + 28. List the prime factors of k.
11
Let l = -2301 - -4213. List the prime factors of l.
2, 239
What are the prime factors of (-1 - -2)/(-3 + (-5620)/(-1873))?
1873
Let h(k) = -34*k**2 + 972*k - 20. List the prime factors of h(23).
2, 3, 5, 29
Suppose -3*s + 4 = -u - 4, -5*s + 4*u + 18 = 0. Suppose 0 = k + 5*z - 31, s*z = 4*k + z - 208. List the prime factors of k.
3, 17
Let q(h) = h**3 - 2*h**2 - h + 245. List the prime factors of q(0).
5, 7
Let b(s) = s**2 + 10*s - 5. Let n = 0 + -11. Let f be b(n). Suppose -f*y = -122 - 178. What are the prime factors of y?
2, 5
Let u be 1*-1*(10 - -15). Let v = 84 + u. What are the prime factors of v?
59
Suppose -5*v + 4 = -4*v. Suppose t - 71 = -4*t + 4*a, v*t + 5*a - 65 = 0. List the prime factors of t.
3, 5
Suppose 0 = -2*n - 8, -2*a + n - 49 = -3*a. What are the prime factors of a?
53
Let s(n) = -n**2 + 9*n + 10. Let w(l) = 6*l**2 - 46*l - 51. Let d(r) = 11*s(r) + 2*w(r). Let g be d(-8). Let v = 36 - g. What are the prime factors of v?
2, 5
List the prime factors of (1/(-2))/((-30)/96060).
1601
Let m(k) = -9*k**3 - 2*k**2 - k + 1. Let p be (14/(-21))/(2/3). What are the prime factors of m(p)?
3
Let h = 52 - 29. Let x = h + -11. Suppose x*o - 7 = 11*o. What are the prime factors of o?
7
List the prime factors of 7 + -15 - -15 - -579.
2, 293
Let v be 2 - ((-6)/(18/(-105)) + 1). Let y = v - -100. List the prime factors of y.
2, 3, 11
Let d(b) = 282*b - 25. List the prime factors of d(6).
1667
Let h(z) = -19*z + 3. Let v be h(-3). Let w be (5/(-10))/(2/v). Let j = w - -21. List the prime factors of j.
2, 3
What are the prime factors of (-14)/(-63) + (-142145)/(-45)?
3, 13
Suppose 0 = g - 0*g - 2*s - 6, -5*s - 15 = 0. Suppose -5*t = -5*r - g*r - 150, -2*t = 2*r - 72. What are the prime factors of t?
3, 11
Suppose 745 = 4*z + 3*f - 73, 8 = -4*f. What are the prime factors of z?
2, 103
Suppose 0 = 2*n + 15 - 51. Let a be (-1772)/(-36) + (-4)/n. Suppose o - 4*z + a = 6*o, 3*z = -4*o + 39. List the prime factors of o.
3
Suppose 2 = -3*z - 2*w + 11, -9 = -3*z - 4*w. Suppose 4*i - 73 = z*p, -p - 18 = 2*i - 3*i. Let o = 30 - i. List the prime factors of o.
11
Let t = 245 - 66. What are the prime factors of t?
179
What are the prime factors of 10 - 6 - (-1 - 1)*354?
2, 89
Let c(n) = -n**3 - 15*n**2 - 10*n + 50. List the prime factors of c(-18).
2, 601
Suppose 3*b = 19*b - 4080. List the prime factors of b.
3, 5, 17
Suppose -3*s + 48*z = 43*z - 7214, 4*z = 5*s - 12032. What are the prime factors of s?
2, 7, 43
Let r = 5083 - 1282. What are the prime factors of r?
3, 7, 181
Let d(x) = x**3 + 13*x**2 - 16*x + 15. Let q be d(-14). Let j = -187 + q. What are the prime factors of (-4)/(-18) + (-1696)/j?
2, 3
Let m be 1/2 + 28/8. Suppose -4 + 12 = m*v. Suppose -v*r + 9 = k - 1, 0 = 4*r + 3*k - 16. What are the prime factors of r?
7
Suppose 10*k + 2244 = 21*k. Suppose -q + 286 = 3*g + q, -2*g + 2*q = -k. List the prime factors of g.
2, 7
Suppose 4*h - 2701 = -v, v = 14*h - 16*h + 2695. What are the prime factors of v?
2689
Let v = 16 + -16. Let g be -2*(v - (-4 - -6)). List the prime factors of (-4 - (-50)/g)*2.
17
Suppose -27*f + 21*f + 9978 = 0. List the prime factors of f.
1663
List the prime factors of (-191 + 14)/(-2*2/4).
3, 59
Let t(d) = -3*d + 26. Let p be t(8). Suppose -58 = -5*y - 2*v, -3*v = -p*v + 1. List the prime factors of y.
2, 3
Suppose 2 = 5*r - 2*w + 3, 0 = r - w + 2. Let m be -13*1*(-2 + r). Let f = m + -7. What are the prime factors of f?
2, 3
Suppose f - 1255 = 3*a, -2*f + a = 5*a - 2540. What are the prime factors of f?
2, 79
Suppose 11*q - 8*q - 9 = 0. Let o(w) = 11 - 6 + 16*w + 2. List the prime factors of o(q).
5, 11
Let a(k) = -2*k**3 + k**2 + 2*k + 1. Let q be a(-1). Let v be (24/(-60))/(q/(-20)). Suppose 2*p = v*p - 20. What are the prime factors of p?
2, 5
Let i(w) = -3*w + 2*w - 25 - 14*w. What are the prime factors of i(-5)?
2, 5
Suppose 2*l - 6 = l. Let j be 15/(-10)*(-8)/l. Suppose -76 = -6*n + j*n. What are the prime factors of n?
19
Suppose -q + 2 = -8. Let r = q + -7. Suppose -r*o - 20 = -4*o. List the prime factors of o.
2, 5
Let q(h) = -11*h + 21. Let g be q(-8). Suppose -k = o - 218, 3*o - g = -k + 117. List the prime factors of k.
2, 107
Let p = 4283 - 1595. What are the prime factors of p?
2, 3, 7
Let r(i) = -59*i**3 - 2*i**2 - 3*i + 1. Let f(q) = -60*q**3 - 3*q**2 - 3*q + 1. Let c(g) = 3*f(g) - 4*r(g). What are the prime factors of c(1)?
3, 19
Let i(l) = -7*l**2 + 38*l - 11. Let z be i(5). Suppose 3*t + 3*g - 114 = 0, 4*g - 12 - 68 = -2*t. Let m = t - z. List the prime factors of m.
2
Let d(k) = -12 - 28 + 14*k + 2*k - 6*k. List the prime factors of d(10).
2, 3, 5
Let l(x) = -86*x + 26*x + 29*x - 2. What are the prime factors of l(-4)?
2, 61
Let h = 413 + -183. Suppose 0 = -5*p + h - 85. List the prime factors of p.
29
Let j(i) be the third derivative of -i**3 + 0*i - 1/4*i**4 + 8*i**2 + 0. What are the prime factors of j(-9)?
2, 3
List the prime factors of 16640/24 - (-6)/9.
2, 347
Let u be (-4)/(-14)*1 - (-1170)/21. What are the prime factors of (-6 - u/(-24))/(2/(-24))?
2, 11
Let o be 1/2*-8 - -241. Suppose 7*l = 183 + o. List the prime factors of l.
2, 3, 5
Suppose 4*h - 978 = 294. Suppose w - 4*w = -h. Suppose -7*n = 4*u - 2*n - 97, -4*u - 2*n = -w. What are the prime factors of u?
2, 7
Let b be (1 - 5) + (277 - 3). Let f = -150 + b. Suppose 0*i + f = 3*i. List the prime factors of i.
2, 5
Let q(d) = -d + 8. Let b be q(2). What are the prime factors of (-3 + 1)/(b/(-432))?
2, 3
Let t = 264 - 156. Suppose -4*y + t = -2*y. What are the prime factors of y?
2, 3
Let o = 3 - -3. Let r = o - 10. List the prime factors of 1*(-48)/r*1.
2, 3
Let i = 62 + -44. What are the prime factors of i?
2, 3
Let c = 1178 - -3321. What are the prime factors of c?
11, 409
Let h = 4 - 2. Suppose w - 4*f = -f + 26, w - h*f = 21. Let d = w + -5. List the prime factors of d.
2, 3
Let d(s) = 2*s**3 - 27*s**2 + 5*s - 1. What are the prime factors of d(14)?
5, 53
Suppose -188 = -o + 228. Let v = o - 262. What are the prime factors of v?
2, 7, 11
Let q(v) = -v + 1. Let l be q(2). List the prime factors of (18/(-21))/(l/126).
2, 3
Let a = -4 - 0. Let z = 19 + a. Suppose -2*k = -k - z. What are the prime factors of k?
3, 5
Let c(u) = u**3 + u + 40. Let y = -6 - -6. What are the prime factors of c(y)?
2, 5
Let a(t) be the third derivative of 1/120*t**6 + 0*t - 3/2*t**3 + 1/8*t**4 - 4*t**2 - 1/10*t**5 + 0. List the prime factors of a(6).
3
What are the prime factors of (-509)/4*-4 + 4?
3, 19
Let p(z) = 27*z**2 - 6*z - 16. List the prime factors of p(-2).
2, 13
Let b(r) = 0*r + 28 + 0*r - 119*r**2 + 118*r**2 + 4*r. What are the prime factors of b(6)?
2
Let w(t) = -t**3 + 7*t**2 - 2*t + 7. Suppose -2*i + z = -5*i + 14, -4*i + 32 = -2*z. List the prime factors of w(i).
31
Suppose 3*n + 5 - 2 = 3*q, 0 = 5*n - 4*q. Suppose 6*v - n*v - 108 = 0. What are the prime factors of v?
2, 3
What are the prime factors of 1/2 - (2286/(-4) + 1)?
571
Suppose -275 = -3*f - r, 0*f + 5*r = 3*f - 245. Suppose 5*i - 2*a - 219 = 0, f = -0*i + 2*i - 2*a. List the prime factors of i.
43
Let d = 0 + -12. Let g = -10 - d. Suppose 0 = -g*s + 5*s + 2*c - 44, -3*c + 3 = 0. What are the prime factors of s?
2, 7
Let j(b) = 2*b. Suppose 5*g = -2*t - 26, -4*t + 14 = -3*g - 6*t. Let o be (-1 - -4) + (-5 - g). List the prime factors of j(o).
2
Let f(d) = 175*d**2 - 5*d - 20. What are the prime factors of f(-3)?
2, 5, 157
Let d be 75/(-10)*(-300)/(-18). List the prime factors of (-10)/d*5 - (-369)/15.
5
Suppose -r + 13 = u - 0*r, 0 = -r + 2. Suppose -1 = 5*b - u. List the prime factors of b.
2
Suppose 1631 + 294 = 3*a + 4*f, f - 2558 = -4*a. What are the prime factors of a?
3, 71
Suppose -5*k + 3*m + 29687 = 2488, -3*k + 16333 = 5*m. List the prime factors of k.
5441
Let k be 458 + (6/(-2) - -6)/1. Suppose 5*r = -4*u + k, 3*r - 4*u + 3*u - 280 = 0. What are the prime factors of r?
3, 31
Let c(z) = -z**2 - 11*z - 15. Let l be c(-10). Let f = 9 + l. List the prim